{"id":17,"date":"2024-03-30T07:35:17","date_gmt":"2024-03-30T07:35:17","guid":{"rendered":"https:\/\/storskraklunne.se\/?page_id=17"},"modified":"2025-12-12T11:55:55","modified_gmt":"2025-12-12T11:55:55","slug":"dokument","status":"publish","type":"page","link":"https:\/\/storskraklunne.se\/?page_id=17","title":{"rendered":"Dokument"},"content":{"rendered":"\n<figure class=\"wp-block-image size-large\"><img loading=\"lazy\" decoding=\"async\" width=\"1024\" height=\"341\" src=\"https:\/\/storskraklunne.se\/wp-content\/uploads\/2024\/05\/Books2-1024x341.jpg\" alt=\"\" class=\"wp-image-210\" srcset=\"https:\/\/storskraklunne.se\/wp-content\/uploads\/2024\/05\/Books2-1024x341.jpg 1024w, https:\/\/storskraklunne.se\/wp-content\/uploads\/2024\/05\/Books2-300x100.jpg 300w, https:\/\/storskraklunne.se\/wp-content\/uploads\/2024\/05\/Books2-768x256.jpg 768w, https:\/\/storskraklunne.se\/wp-content\/uploads\/2024\/05\/Books2-1536x512.jpg 1536w, https:\/\/storskraklunne.se\/wp-content\/uploads\/2024\/05\/Books2.jpg 1680w\" sizes=\"auto, (max-width: 1024px) 100vw, 1024px\" \/><\/figure>\n\n\n<p>P\u00e5 denna hemsida finns dessa typer av dokument:<\/p>\n<ul>\n<li>M\u00f6tesprotokoll (\ud83d\udd10<a href=\"https:\/\/storskraklunne.se\/dokument\/motesprotokoll\/\"> M\u00f6tesprotokoll<\/a>)<\/li>\n<li>Medlemsinformation (<a href=\"https:\/\/storskraklunne.se\/?page_id=373\">Medlemsinformation<\/a>)<\/li>\n<li>Omr\u00e5desinformation, inklusive boendep\u00e4rm (\ud83d\udd10 <a href=\"https:\/\/storskraklunne.se\/dokument\/omradesinformation\/\">Omr\u00e5desinformation)<\/a><\/li>\n<li>Integritetspolicy (<a href=\"https:\/\/storskraklunne.se\/om-samfalligheten\/\">Om samf\u00e4lligheten<\/a>)<\/li>\n<\/ul>","protected":false},"excerpt":{"rendered":"<p>P\u00e5 denna hemsida finns dessa typer av dokument: M\u00f6tesprotokoll (\ud83d\udd10 M\u00f6tesprotokoll) Medlemsinformation (Medlemsinformation) Omr\u00e5desinformation, inklusive boendep\u00e4rm (\ud83d\udd10 Omr\u00e5desinformation) Integritetspolicy (Om samf\u00e4lligheten)<\/p>\n","protected":false},"author":1,"featured_media":0,"parent":0,"menu_order":0,"comment_status":"closed","ping_status":"closed","template":"","meta":{"footnotes":""},"class_list":["post-17","page","type-page","status-publish","hentry"],"_links":{"self":[{"href":"https:\/\/storskraklunne.se\/index.php?rest_route=\/wp\/v2\/pages\/17","targetHints":{"allow":["GET"]}}],"collection":[{"href":"https:\/\/storskraklunne.se\/index.php?rest_route=\/wp\/v2\/pages"}],"about":[{"href":"https:\/\/storskraklunne.se\/index.php?rest_route=\/wp\/v2\/types\/page"}],"author":[{"embeddable":true,"href":"https:\/\/storskraklunne.se\/index.php?rest_route=\/wp\/v2\/users\/1"}],"replies":[{"embeddable":true,"href":"https:\/\/storskraklunne.se\/index.php?rest_route=%2Fwp%2Fv2%2Fcomments&post=17"}],"version-history":[{"count":9,"href":"https:\/\/storskraklunne.se\/index.php?rest_route=\/wp\/v2\/pages\/17\/revisions"}],"predecessor-version":[{"id":380,"href":"https:\/\/storskraklunne.se\/index.php?rest_route=\/wp\/v2\/pages\/17\/revisions\/380"}],"wp:attachment":[{"href":"https:\/\/storskraklunne.se\/index.php?rest_route=%2Fwp%2Fv2%2Fmedia&parent=17"}],"curies":[{"name":"wp","href":"https:\/\/api.w.org\/{rel}","templated":true}]}}